{"id":2765,"date":"2023-03-14T11:32:38","date_gmt":"2023-03-14T14:32:38","guid":{"rendered":"https:\/\/isfd113-bue.infd.edu.ar\/sitio\/?page_id=2765"},"modified":"2023-07-07T17:15:15","modified_gmt":"2023-07-07T20:15:15","slug":"2023-2","status":"publish","type":"page","link":"https:\/\/isfd113-bue.infd.edu.ar\/sitio\/2023-2\/","title":{"rendered":"2023"},"content":{"rendered":"\n<p>PLAN DE ACCI\u00d3N INSTITUCIONAL PARA EL ACOMPA\u00d1AMIENTO DE LAS TRAYECTORIAS ESTUDIANTILES <a href=\"https:\/\/drive.google.com\/file\/d\/1cjybc42rj8k3S2_eEmFbI0xms0rf-Wm1\/view?usp=sharing\">https:\/\/drive.google.com\/file\/d\/1cjybc42rj8k3S2_eEmFbI0xms0rf-Wm1\/view?usp=sharing<\/a><\/p>\n\n\n\n<p><\/p>\n\n\n\n<p>A CONTINUACI\u00d3N TIENEN DISPONIBLE UN ARCHIVO CON EL ESTADO DE SITUACI\u00d3N DE LOS CONCURSOS DEL INSTITUTO, POR COBERTURA DE C\u00c1TEDRA:<\/p>\n\n\n\n<figure class=\"wp-block-embed\"><div class=\"wp-block-embed__wrapper\">\nhttps:\/\/docs.google.com\/spreadsheets\/d\/1vRt0A2SrTOlREX_6iwK7MTkaVhWOSRUWI9ozXmB685M\/edit?usp=sharing\n<\/div><\/figure>\n\n\n\n<p><\/p>\n\n\n\n<p>&#8212;&#8212;&#8212;&#8212;&#8212;&#8212;&#8212;&#8212;&#8212;&#8212;&#8212;&#8212;&#8212;&#8212;&#8212;&#8212;&#8212;&#8212;&#8212;&#8212;&#8212;&#8212;&#8212;&#8212;&#8212;&#8212;&#8212;&#8212;&#8212;&#8212;&#8212;&#8212;&#8212;&#8212;&#8212;&#8212;&#8212;&#8212;&#8212;&#8212;&#8212;&#8212;&#8212;&#8212;&#8212;&#8212;&#8212;&#8212;&#8212;&#8212;&#8212;&#8212;&#8212;&#8212;&#8212;&#8212;&#8212;&#8212;&#8212;&#8212;&#8212;&#8212;&#8212;&#8212;&#8212;&#8212;&#8212;&#8212;&#8212;&#8212;&#8212;&#8212;-<\/p>\n\n\n\n<p>La normativa anterior a octubre 2023 la pueden encontrar en el siguiente linK:&nbsp;<a rel=\"noreferrer noopener\" href=\"https:\/\/drive.google.com\/drive\/folders\/1pv1trcpLufKdfIX6KVZLN2VdiPaAcfTJ?usp=sharing\" target=\"_blank\">https:\/\/drive.google.com\/drive\/folders\/1pv1trcpLufKdfIX6KVZLN2VdiPaAcfTJ?usp=sharing<\/a><\/p>\n\n\n\n<hr class=\"wp-block-separator has-alpha-channel-opacity\"\/>\n\n\n\n<p>14\/03\/2023 Comunicaci\u00f3n N\u00ba28 ref: Pautas de implementaci\u00f3n de los nuevos dise\u00f1os curriculares &#8211; <a href=\"https:\/\/isfd113-bue.infd.edu.ar\/sitio\/wp-content\/uploads\/2023\/03\/Comunicacion-n\u00b028-1.pdf\" target=\"_blank\" rel=\"noreferrer noopener\">Com 28\/23<\/a> <a href=\"https:\/\/isfd113-bue.infd.edu.ar\/sitio\/wp-content\/uploads\/2023\/03\/DI-2023-07457953-GDEBA-DFDIDGCYE.pdf\" target=\"_blank\" rel=\"noreferrer noopener\">Disp 2\/23<\/a> <a href=\"https:\/\/isfd113-bue.infd.edu.ar\/sitio\/wp-content\/uploads\/2023\/03\/IF-2023-05665988-GDEBA-DFDIDGCYE.pdf\" target=\"_blank\" rel=\"noreferrer noopener\">Anexo 1<\/a> &#8211; <a href=\"https:\/\/isfd113-bue.infd.edu.ar\/sitio\/wp-content\/uploads\/2023\/03\/IF-2023-05665942-GDEBA-DFDIDGCYE.pdf\" target=\"_blank\" rel=\"noreferrer noopener\">Anexo 2<\/a> &#8211; <a href=\"https:\/\/isfd113-bue.infd.edu.ar\/sitio\/wp-content\/uploads\/2023\/03\/IF-2023-05665839-GDEBA-DFDIDGCYE.pdf\" target=\"_blank\" rel=\"noreferrer noopener\">Anexo 3<\/a><\/p>\n\n\n\n<p>&#8212;&#8212;&#8212;&#8212;&#8212;&#8212;&#8212;&#8212;&#8212;&#8212;&#8212;&#8212;&#8212;&#8212;&#8212;&#8212;&#8212;&#8212;&#8212;&#8212;&#8212;&#8212;&#8212;&#8212;&#8212;&#8212;&#8212;&#8212;&#8212;&#8212;&#8212;&#8212;&#8212;&#8212;&#8212;&#8212;&#8212;&#8212;&#8212;&#8212;&#8212;&#8212;&#8212;&#8212;&#8212;&#8212;&#8212;&#8212;&#8212;&#8212;&#8212;&#8212;&#8212;&#8212;&#8212;&#8212;&#8212;&#8212;&#8212;&#8212;&#8212;&#8212;&#8212;&#8212;&#8212;&#8212;&#8212;&#8212;&#8212;<\/p>\n\n\n\n<p>Normativa cambio de plan de Profesorados de Educaci\u00f3n Secundaria &#8211;<a href=\"https:\/\/drive.google.com\/drive\/folders\/1Q2BI5bEo7swk1TVfq3o2BznbLH9cBWmW?usp=sharing\">https:\/\/drive.google.com\/drive\/folders\/1Q2BI5bEo7swk1TVfq3o2BznbLH9cBWmW?usp=sharing<\/a><\/p>\n","protected":false},"excerpt":{"rendered":"<p>PLAN DE ACCI\u00d3N INSTITUCIONAL PARA EL ACOMPA\u00d1AMIENTO DE LAS TRAYECTORIAS ESTUDIANTILES https:\/\/drive.google.com\/file\/d\/1cjybc42rj8k3S2_eEmFbI0xms0rf-Wm1\/view?usp=sharing A CONTINUACI\u00d3N TIENEN DISPONIBLE UN ARCHIVO CON EL ESTADO DE SITUACI\u00d3N DE LOS CONCURSOS DEL INSTITUTO, POR COBERTURA DE C\u00c1TEDRA: &#8212;&#8212;&#8212;&#8212;&#8212;&#8212;&#8212;&#8212;&#8212;&#8212;&#8212;&#8212;&#8212;&#8212;&#8212;&#8212;&#8212;&#8212;&#8212;&#8212;&#8212;&#8212;&#8212;&#8212;&#8212;&#8212;&#8212;&#8212;&#8212;&#8212;&#8212;&#8212;&#8212;&#8212;&#8212;&#8212;&#8212;&#8212;&#8212;&#8212;&#8212;&#8212;&#8212;&#8212;&#8212;&#8212;&#8212;&#8212;&#8212;&#8212;&#8212;&#8212;&#8212;&#8212;&#8212;&#8212;&#8212;&#8212;&#8212;&#8212;&#8212;&#8212;&#8212;&#8212;&#8212;&#8212;&#8212;&#8212;&#8212;&#8212;&#8212;&#8212;- La normativa anterior a octubre 2023 la pueden encontrar en el siguiente linK:&nbsp;https:\/\/drive.google.com\/drive\/folders\/1pv1trcpLufKdfIX6KVZLN2VdiPaAcfTJ?usp=sharing 14\/03\/2023 Comunicaci\u00f3n N\u00ba28 ref: Pautas de implementaci\u00f3n de los &#8230; <a title=\"2023\" class=\"read-more\" href=\"https:\/\/isfd113-bue.infd.edu.ar\/sitio\/2023-2\/\" aria-label=\"More on 2023\">[+]<\/a><\/p>\n","protected":false},"author":7607,"featured_media":0,"parent":0,"menu_order":0,"comment_status":"closed","ping_status":"closed","template":"","meta":[],"acf":[],"_links":{"self":[{"href":"https:\/\/isfd113-bue.infd.edu.ar\/sitio\/wp-json\/wp\/v2\/pages\/2765"}],"collection":[{"href":"https:\/\/isfd113-bue.infd.edu.ar\/sitio\/wp-json\/wp\/v2\/pages"}],"about":[{"href":"https:\/\/isfd113-bue.infd.edu.ar\/sitio\/wp-json\/wp\/v2\/types\/page"}],"author":[{"embeddable":true,"href":"https:\/\/isfd113-bue.infd.edu.ar\/sitio\/wp-json\/wp\/v2\/users\/7607"}],"replies":[{"embeddable":true,"href":"https:\/\/isfd113-bue.infd.edu.ar\/sitio\/wp-json\/wp\/v2\/comments?post=2765"}],"version-history":[{"count":5,"href":"https:\/\/isfd113-bue.infd.edu.ar\/sitio\/wp-json\/wp\/v2\/pages\/2765\/revisions"}],"predecessor-version":[{"id":2900,"href":"https:\/\/isfd113-bue.infd.edu.ar\/sitio\/wp-json\/wp\/v2\/pages\/2765\/revisions\/2900"}],"wp:attachment":[{"href":"https:\/\/isfd113-bue.infd.edu.ar\/sitio\/wp-json\/wp\/v2\/media?parent=2765"}],"curies":[{"name":"wp","href":"https:\/\/api.w.org\/{rel}","templated":true}]}}